 - 183. Determine c(-46).
1
Let u(a) = -a**3 + 15*a**2 - 57*a + 99. Give u(10).
29
Let d(p) = p**3 + 151*p**2 + 164*p + 2093. Give d(-150).
-7
Let b(l) = -5*l**3 - 381*l**2 - 80*l - 310. Calculate b(-76).
-6
Let d(o) = o**2 - 79*o - 5086. Calculate d(-42).
-4
Let v(m) = -16*m - 590. Calculate v(-34).
-46
Let q(o) = o**3 + 71*o**2 - 180*o - 2492. Calculate q(-73).
-10
Let g(u) = -u**3 - 8*u**2 - 46*u - 279. Calculate g(-7).
-6
Let w(o) = o**2 + 40*o - 638. Give w(12).
-14
Let u(g) = -5*g + 212. Give u(44).
-8
Let g(r) = -3*r**2 - 17*r + 209. Give g(13).
-519
Let q(x) = x**3 + 2*x**2 - 4*x - 5. Calculate q(0).
-5
Let o(r) = -2076*r - 80970. Calculate o(-39).
-6
Let j(d) = 214*d + 41937. What is j(-196)?
-7
Let a(b) = 10*b**2 - 19*b - 525. Give a(-8).
267
Let r(x) = x**3 - 6*x**2 + 187*x - 531. Give r(3).
3
Let h(b) = b**2 - 28*b + 62. Determine h(24).
-34
Let x(l) = l**3 + 4*l**2 - 29*l - 53. Determine x(-7).
3
Let w(f) = -52*f - 742. Give w(-16).
90
Let x(c) = 3*c**3 + 120*c**2 - 6*c - 55. Calculate x(-40).
185
Let z(h) = -h**3 - 20*h**2 - 81*h + 1. Give z(-14).
-41
Let h(d) = -d**3 + 33*d**2 - 160*d + 17. Calculate h(6).
29
Let r(a) = -80*a - 71. Determine r(-1).
9
Let n(u) = -139*u - 1646. Calculate n(-10).
-256
Let a(n) = 2*n**3 + 70*n**2 + 91*n + 723. Give a(-34).
-59
Let r(a) = -32*a - 575. What is r(-14)?
-127
Let p(j) = j**3 + 4*j**2 + 49*j + 207. Give p(-4).
11
Let g(y) = 3*y**3 + 19*y**2 + 55*y - 20. What is g(-7)?
-503
Let y(j) = -j**2 - 10*j + 71. Determine y(-17).
-48
Let b(v) = -v**3 - 4*v**2 + 6*v - 23. Calculate b(-6).
13
Let h(b) = 3*b**3 - 30*b**2 + 5*b - 30. Calculate h(10).
20
Let x(u) = -4*u**3 + 697*u**2 + 522*u + 546. What is x(175)?
21
Let o(q) = -q**3 + 53*q**2 + 1188*q + 148. Determine o(70).
8
Let f(r) = -2*r**3 + 34*r**2 + 94*r + 524. Determine f(20).
4
Let p(s) = -96*s - 995. Determine p(-14).
349
Let g(u) = 110*u + 8910. What is g(-81)?
0
Let m(q) = 150*q**2 - 299*q - 3. Determine m(2).
-1
Let d(x) = 93*x + 3499. What is d(-38)?
-35
Let f(i) = 35*i + 60. Determine f(-1).
25
Let g(l) = l**3 + 19*l**2 + 52*l + 42. Determine g(-16).
-22
Let i(a) = a**3 + 41*a**2 + 79*a + 141. Give i(-39).
102
Let n(d) = -1706*d + 29011. What is n(17)?
9
Let f(b) = -2*b**3 + 34*b**2 + 104*b + 3. Give f(-3).
51
Let i(u) = 5*u**2 + 290*u + 1127. Give i(-4).
47
Let l(t) = -4282*t - 17127. What is l(-4)?
1
Let w(x) = 8*x**3 + 70*x**2 + 143*x + 1449. Calculate w(-9).
0
Let m(d) = 2*d**3 + d**2 - 10*d - 53. Give m(0).
-53
Let r(w) = -32*w - 234. Calculate r(-5).
-74
Let b(h) = -2*h**3 - 20*h**2 + 30*h + 155. Determine b(-10).
-145
Let g(j) = j**2 - 86*j + 1852. Determine g(41).
7
Let u(r) = -78*r**2 + 1171*r - 10. Give u(15).
5
Let c(x) = 4*x - 34. Calculate c(22).
54
Let w(z) = -z**2 + 214*z - 9735. Give w(66).
33
Let b(d) = 2*d**3 + 19*d**2 + 38*d. Determine b(-10).
-480
Let h(f) = 9*f**2 - f + 16. Give h(-3).
100
Let o(n) = 2*n**3 + 16*n**2 + 14*n + 10. Give o(-7).
10
Let v(t) = 11*t + 1087. What is v(-105)?
-68
Let g(c) = -18*c + 20. Give g(15).
-250
Let v(j) = -593*j + 7734. Determine v(13).
25
Let y(l) = -3*l**3 + 76*l**2 - 25*l + 4. Give y(25).
4
Let l(g) = g**2 + 81*g + 448. Calculate l(-6).
-2
Let g(a) = 124*a + 4219. Determine g(-34).
3
Let w(t) = -3*t**2 + 35*t - 130. What is w(7)?
-32
Let x(u) = u**2 + 123*u + 806. Determine x(-7).
-6
Let k(v) = 203*v - 2671. Calculate k(14).
171
Let f(l) = l**3 - 4*l**2 - 23*l - 8. What is f(0)?
-8
Let g(n) = 20*n**2 + 162*n + 33. What is g(-8)?
17
Let a(g) = 127*g + 16. Give a(1).
143
Let o(k) = k**2 - 26*k - 310. Calculate o(33).
-79
Let g(t) = -2924*t - 157894. Calculate g(-54).
2
Let z(f) = -19*f**2 + 123*f - 4. Calculate z(6).
50
Let j(x) = -2*x**3 - 52*x**2 - 173*x + 71. Give j(-22).
5
Let s(x) = -3*x + 310. Determine s(34).
208
Let k(s) = 13*s**3 - 2*s**2 - 8*s + 4. Calculate k(-3).
-341
Let q(x) = x**3 + 21*x**2 - 102*x - 5. Determine q(-25).
45
Let y(b) = b**2 - 37*b + 67. What is y(0)?
67
Let y(l) = l**3 + 13*l**2 - 56*l + 8. Determine y(-17).
-196
Let u(m) = m**3 - 25*m**2 - 27*m + 36. Give u(26).
10
Let f(w) = -w**2 - 80*w + 173. Calculate f(2).
9
Let r(d) = d**2 + 40*d - 391. Calculate r(-49).
50
Let d(i) = -i**2 + 29*i + 104. Determine d(32).
8
Let h(r) = 6*r + 45. Give h(4).
69
Let f(i) = -130*i**2 - 1428*i + 28. Determine f(-11).
6
Let j(b) = -b**3 - 15*b**2 + 536*b + 8315. Give j(-16).
-5
Let r(i) = i**2 + 36*i + 256. Calculate r(-11).
-19
Let a(f) = -289*f + 22876. Calculate a(79).
45
Let c(g) = -228*g - 2044. Calculate c(-9).
8
Let w(z) = 8971*z + 17944. What is w(-2)?
2
Let p(j) = -94*j - 426. Calculate p(-4).
-50
Let v(o) = -2*o**3 - 3*o**2 + 17*o - 28. What is v(5)?
-268
Let g(r) = r**3 - 30*r**2 + 23*r + 126. Determine g(29).
-48
Let t(g) = -483*g - 23662. What is t(-49)?
5
Let q(y) = -4392*y + 39534. Give q(9).
6
Let z(l) = -60*l**2 + 599*l + 2. What is z(10)?
-8
Let m(c) = -4*c**2 - 87*c + 328. What is m(-29)?
-513
Let q(f) = -f**2 + 898*f - 5346. Give q(6).
6
Let o(l) = -l**2 - 105*l - 2673. What is o(-61)?
11
Let r(d) = -376*d**2 + 6393*d - 21. Calculate r(17).
-4
Let z(o) = 2*o**2 - 92*o - 109. Calculate z(48).
83
Let y(s) = 3*s**3 - 166*s**2 + 631*s - 60. What is y(4)?
0
Let z(m) = 10*m**2 - 148*m + 13. Determine z(14).
-99
Let x(k) = k**3 - 10*k**2 + 144. What is x(6)?
0
Let z(u) = 2*u**3 - 120*u**2 + 2*u - 114. Calculate z(60).
6
Let t(w) = w + 6. Calculate t(-15).
-9
Let t(z) = z**2 - 59*z - 5115. Determine t(-48).
21
Let m(b) = 5*b**2 + 670*b - 676. What is m(-135)?
-1
Let d(i) = -i**2 + 22*i + 495. Calculate d(34).
87
Let o(q) = -241*q - 499. Calculate o(-2).
-17
Let x(v) = 128*v**3 + v**2 + 14*v + 13. Determine x(-1).
-128
Let a(z) = -2*z**2 - 56*z - 383. Determine a(-16).
1
Let v(s) = -s**3 - 351*s**2 - 4068*s + 6. What is v(-12)?
6
Let f(w) = -w**3 + 14*w**2 + 39*w - 1. What is f(17)?
-205
Let i(w) = -w**2 - 93*w + 683. Determine i(-92).
775
Let a(h) = 2*h**3 - 61*h**2 + 84*h + 144. What is a(29)?
57
Let q(c) = -c**3 + 9*c**2 + c - 103. What is q(11)?
-334
Let c(m) = 1001*m - 995. Give c(1).
6
Let d(v) = 13*v**2 - 237*v + 269. Calculate d(17).
-3
Let p(m) = m**3 - 10*m**2 + 33*m - 56. Calculate p(6).
-2
Let w(k) = 13*k**2 - 196*k - 1088. Give w(-5).
217
Let l(j) = 762*j + 134865. Calculate l(-177).
-9
Let x(l) = 53*l - 1976. What is x(37)?
-15
Let l(h) = 5*h**3 + 185*h**2 - h - 47. Give l(-37).
-10
Let a(u) = -2*u**2 + 240*u - 7005. Determine a(50).
-5
Let g(x) = -66*x - 4555. Calculate g(-69).
-1
Let u(j) = -17*j**2 + 4*j + 9. Determine u(-3).
-156
Let m(z) = z**3 + 52*z**2 - 211*z + 724. Determine m(-56).
-4
Let a(y) = -y**3 - 28*y**2 - 66*y - 1071. Calculate a(-27).
-18
Let i(l) = 2*l**2 - 7*l. Determine i(7).
49
Let m(v) = v**3 + 33*v**2 - 56*v - 1718. Give m(-33).
130
Let g(p) = 27*p + 60. Calculate g(3).
141
Let n(c) = -17*c - 52. Give n(-7).
67
Let l(t) = -48*t + 152. Determine l(3).
8
Let j(w) = -2859*w - 2872. What is j(-1)?
-13
Let p(o) = 2*o**2 + 38*o + 125. What is p(-13)?
-31
Let i(b) = -6*b**2 - 258*b. What is i(-40)?
720
Let t(o) = -o**3 - 2*o**2 + 29*o - 44. Calculate t(3).
-2
Let n(w) = 14*w - 150. Calculate n(6).
-66
Let k(i) = -2*i**3 - 190*i**2 + 2*i + 163. Determine k(-95).
-27
Let m(k) = k**3 - 56*k**2 - 174*k - 168. Calculate m(59).
9
Let k(i) = i**2 + 38*i - 994. Give k(18).
14
Let d(k) = -22*k + 1156. Give d(50).
56
Let d(g) = -3*g**2 - 35*g + 42. Calculate d(1).
4
Let q(r) = -r**3 + 8*r**2 - 4*r - 31. Give q(9).
-148
Let p(l) = l**3 - 8*l**2 + 6*l - 68. What is p(8)?
-20
Let p(g) = -5*g**3 + 4*g**2 - 2*g - 19. Give p(-3).
158
Let a(j) = j**3 + 36*j**2 + 290*j + 46. What is a(-24)?
-2
Let k(h) = 40*h + 503. Give k(-12).
23
Let g(p) = 5*p**2 + 272*p - 1035. Give g(-58).
9
Let z(u) = -u**3 + 61*u**2 - 67*u + 430. Give z(60).
10
Let h(m) = -70*m + 1689. What is h(30)?
-411
Let y(k) = k**3 + 3*k**2 + 1. Calculate y(-7).
-195
Let j(r) = -3*r**2 - 67*r - 105. Determine j(-17).
167
Let m(k) = -k**3 - 2*k**2 + 3*k + 263. Determine m(0).
263
Let g(v) = 18*v - 708. Determine g(39).
-6
Let m(v) = 234*v - 4632. Give m(20).
48
Let l(s) = -28*s**2 - 387*s + 52. Calculate l(-14).
-18
Let y(n) = n**3 + 13*n**2 - 28*n + 37. Calculate y(-15).
7
Let h(l) = 11*l - 554. Calculate h(52).
18
Let h(s) = -7797*s + 46781. Determine h(6).
-1
Let p(m) = 25*m